igit of y?
9
Suppose -82*m + 78*m = -4*n + 13696, -4*n + 3*m = -13695. What is the thousands digit of n?
3
Let m = 4390 + -1668. What is the hundreds digit of m?
7
Let j(y) = 2*y**2 - 16*y + 8. Let p = -22 + 31. Let x be j(p). Suppose -2*z = -x - 6. What is the tens digit of z?
1
Suppose y - 573 = -2*y + 2*p, 0 = 3*y + 5*p - 573. Let k = 89 - y. Let t = k - -110. What is the units digit of t?
8
Let l = -292 - -307. What is the units digit of ((-1494)/l)/((-2)/10)?
8
Let a(r) = -24 + r**2 - 29*r + 53*r - 20*r. What is the tens digit of a(7)?
5
Let w = -35 + 29. Let v be 6*(-3 - w/3). What is the units digit of -2 - 6/(v/13)?
1
Let b(n) be the second derivative of 5*n**4/4 - n**3/2 + 7*n**2 - 30*n. What is the tens digit of b(3)?
4
Let g = -71 + 71. Suppose 4*f = 1 + 11. Suppose -f*r + 185 + 22 = g. What is the units digit of r?
9
Let g be 5404/77 - (-6)/(-33). What is the tens digit of (-42)/g*(-29 + -1)?
1
Let v = -338 - -795. Let u = v + -173. What is the tens digit of u?
8
Suppose -79*t + 58*t = -13230. Let b = 579 + t. What is the units digit of b?
9
Let a = -244 + 501. Suppose -4*t + a = -1407. What is the units digit of t?
6
Suppose 5*j + 2146 = 4*u, -u + 3*j - j + 538 = 0. Suppose u*n - 540*n + 2862 = 0. What is the units digit of n?
7
Let o = 7966 - -3144. What is the tens digit of o?
1
Let s(u) = -290*u + 543. What is the units digit of s(-18)?
3
Let h(o) = 7*o - 13. Let q be 0 - -7 - (-4)/(-1). Let i be 29/4 + q/(-12). What is the units digit of h(i)?
6
What is the thousands digit of (3489/(-6) - 2)*(-4158)/99?
4
Let r(i) be the first derivative of i**3/3 - 7*i**2/2 - 9*i - 13. Let a be r(11). Let f = a + 20. What is the tens digit of f?
5
Suppose -15017*n - 1410395 = -15076*n. What is the ten thousands digit of n?
2
Suppose 2*p = -5*x + 195, p - 95 = x - 3*x. Let n = p - 85. Suppose -3*t + 491 = -n*t - 4*l, -4*t + 2*l + 638 = 0. What is the tens digit of t?
5
Let t(l) = -5*l - 23. Let v be t(-5). Suppose 0 = -v*m - 4*p - p - 2, 3*m = -4*p + 4. What is the units digit of (-9*6/9)/(-6 + m)?
3
Let m = 6724 + 1716. What is the hundreds digit of m?
4
Let h(p) = 8*p + 2. Let a be h(0). Suppose -5*l + 12 = -a*l, 5*i = 4*l + 1929. What is the hundreds digit of i?
3
Let j be (-2534)/(-10) + (-14)/35 + 5. Suppose 268*m = j*m + 6100. What is the tens digit of m?
1
Let t = 10124 + -2599. What is the units digit of t?
5
What is the tens digit of (-6)/(-39) - (5069614/(-312) + 35/(-420))?
4
Suppose 0 = 5*p - 3*w - 2176, 0 = -2*p - 3*p + 5*w + 2180. Let j = 750 - p. What is the units digit of j?
6
Suppose 0 = -4*f - 5*w + 1937, -46 - 451 = -f + 3*w. Suppose 5*h = 307 + f. What is the units digit of h?
9
Let r(k) = -k**3 - 31*k**2 - 110*k + 54. What is the thousands digit of r(-31)?
3
Suppose 5*n + 116 = -x + 3*n, -3*x = 3*n + 354. Let i = 125 + x. Suppose -2*k - 5 - 1 = 0, -3*k - 789 = -i*c. What is the hundreds digit of c?
1
Let y = 86 - 85. Let d(t) = -y - 4*t + 8*t - 180*t**3 + 2*t**2 - 4*t + t. What is the tens digit of d(-1)?
8
Suppose -5 = -5*j + 3*i + 20, 0 = -2*j - 3*i + 10. Suppose j*l = 3*m + 57, 29 + 24 = 4*l + 5*m. What is the tens digit of (56/(-21))/(2/l)*-1?
1
Suppose 4812 - 21754 = 43*k. Let d = k - -797. What is the tens digit of d?
0
Let x = -431 - -169. Let d = x - -438. What is the hundreds digit of d?
1
Let a(i) = -15*i**3 - 2*i**2 + i + 9. Let l be a(-2). Suppose 0 = 6*q - 1435 - l. What is the tens digit of q?
5
Let v = -5 - 4. Let l = -198 + 204. What is the units digit of (l/5)/(v/(-120))?
6
Let o = 25249 - 18292. What is the tens digit of o?
5
Suppose k + 32 = 9*k. Suppose -k*t + 1602 = -2*u, 0 = t - u - 208 - 190. What is the hundreds digit of t?
4
Let o be (-1)/(-4*(-4)/80). Let l(a) = a**3 + 14*a**2 - 17*a + 22. Let w be l(-14). What is the units digit of ((-36)/o)/(-2 - w/(-125))?
0
Let c(g) = g**2 - 3*g - 6. Let p be c(5). Suppose 0 = -131*s + 125*s + 1716. Suppose 2*w - r - 137 = 0, p*w + 3*r - s = r. What is the tens digit of w?
7
Let o(s) = -2*s**3 - 34*s**2 + 70*s - 76. What is the tens digit of o(-19)?
3
Suppose 19566 + 6597 = 3*w. What is the units digit of w?
1
Suppose 0 = 3*r - 5*w - 216, 3*w + 332 = 5*r + 4*w. Suppose -8*i + r = -7*i. Let f = i - 40. What is the units digit of f?
7
Suppose -2*y - 8*y = -0*y - 185000. What is the hundreds digit of y?
5
Let w = -3964 + 7127. What is the tens digit of w?
6
Suppose -7 - 23 = -3*q. Suppose 7*b = 17*b + q. What is the units digit of b - (-2 + 112)/(-1)?
9
Suppose v + 8 = 0, v = 147*u - 152*u + 237562. What is the tens digit of u?
1
Let g(m) = -2*m**3 + 1. Let b be g(-1). Suppose -2*i - 6 = 5*x, i + b*x + 3 = -1. Suppose 113 = 2*q + 5*y, -46 = -i*q + y + 49. What is the tens digit of q?
4
Let a be (0 - -842)*((-230)/20)/23. Let v = 731 + a. What is the hundreds digit of v?
3
Let m = 808 - 727. Suppose -4*v - 4*l = -612, 2*l + l = 4*v - 640. Let o = v - m. What is the units digit of o?
6
Let h be 32/(-48) + (-28)/(-6) - -2. Suppose -78 - 18 = -h*c. What is the units digit of c?
6
Let w = -209 + 216. Suppose -w*a - 85 = -4341. What is the tens digit of a?
0
Let u(f) be the third derivative of -f**5/60 - f**4/8 + 51*f**3 + 24*f**2. What is the units digit of u(0)?
6
Suppose -2*p = 2*y - 139012, -3*p - 155783 = -5*y + 191771. What is the thousands digit of y?
9
Let x = 11811 + -2599. Suppose -17*y + x = 2650. What is the tens digit of y?
8
Suppose 0 = 33*m + 25 - 25. Suppose m = -b + 376. What is the hundreds digit of b?
3
Let u(s) be the third derivative of -s**4/8 + s**3/6 + s**2. Let h(v) = -14*v + 35. Let p be h(3). What is the tens digit of u(p)?
2
Let v(t) = -4*t**3 - 8*t**2 + t - 7. Let k be v(-3). Let f = k + -28. What is the units digit of 250 - 11 - (f - -6)?
5
Let a be 2/((24/(-32))/(4836/(-32))). Suppose -a*t - 1470 = -408*t. What is the hundreds digit of t?
2
Let m(z) = -z**3 - 14*z**2 + 68*z - 7. Let k be m(-17). Let l = k + 1340. What is the tens digit of l?
4
Let d = -131 - -133. What is the tens digit of 1290/(-20)*(d + -4)?
2
Let m = 64026 - 25499. What is the ten thousands digit of m?
3
Let z(n) = 135*n**3 - 2*n + 1. Let d = 21 + -20. What is the units digit of z(d)?
4
Let a(f) = -f**3 + 9*f**2 - 9*f + 10. Let u be a(8). Suppose c - 8 = -q + 86, -194 = -u*q + c. Suppose -27 = -3*i + q. What is the units digit of i?
1
Let g(w) = -w**3 + 59*w**2 + 1165*w - 56. What is the tens digit of g(72)?
3
Let f = -223 + 225. Suppose -f*p + 0*p - 2*m + 448 = 0, -2*p + 4*m + 460 = 0. What is the units digit of p?
6
Suppose 5*f = f + 1600. Let c be (((-4775)/15)/5)/(2/6). Let k = c + f. What is the units digit of k?
9
Let f be (-26)/15*(1 - -4)*-3. Suppose -f*w - 222 = -27*w. Let y = 376 - w. What is the tens digit of y?
5
Let c(u) = -31*u + 229. Let h be c(7). Suppose -h*b = -42*b + 58080. What is the thousands digit of b?
1
Let y(h) = h**3 - 54*h**2 - 485*h + 61. What is the units digit of y(65)?
1
Suppose -3*d + 24408 = -d - 3*t, -24 = 4*t. What is the hundreds digit of d?
1
Let d(f) = -f**2 + 7*f + 63. Let l be d(-5). Suppose -1150 = -l*t + 1823. What is the units digit of t?
1
Let c(z) = 27*z**2 - 20*z + 92. What is the units digit of c(-19)?
9
Let z(y) = 46*y**2 + 88*y + 63. What is the ten thousands digit of z(18)?
1
Suppose 3*l = -5*k + 4*l + 17321, -13853 = -4*k - 3*l. Suppose 19*g = -937 + k. What is the tens digit of g?
3
Suppose -5*x - 2 = 3*u, -4*x = -4*u + 3 + 5. Let k(a) = -1198*a - 27. What is the hundreds digit of k(x)?
1
Suppose -75394 = -9*f - p, -20*p + 33512 = 4*f - 16*p. What is the tens digit of f?
7
Let y = -4468 - -11259. What is the units digit of y?
1
Suppose -b = -3*b + 5*c - 2037, -2046 = 2*b - 2*c. Let h = -758 - b. What is the tens digit of h?
6
Let p(x) = x - 1. Let m be p(-2). Let u = 1 - m. Suppose 4*w - u*s = 76 + 260, 390 = 5*w + s. What is the units digit of w?
9
Suppose -5*i = -3*w + 34, 0 = -4*w - i + 4*i + 27. Suppose -w*d - d = -12. Let j(q) = 3*q**3 - 2*q**2 + 3*q - 4. What is the units digit of j(d)?
8
Let j be ((-39)/(-4))/(((-243)/(-684))/9). Let l = 324 - j. What is the units digit of l?
7
What is the hundreds digit of -3554*202/(-28) + (-4)/(-49)*-7?
6
Let d = -13785 + 33042. What is the hundreds digit of d?
2
Suppose -112*s + 84*s = -73668. What is the tens digit of s?
3
Let v = 1301 - -3322. What is the tens digit